{"id":528,"date":"2017-03-22T16:41:32","date_gmt":"2017-03-22T15:41:32","guid":{"rendered":"http:\/\/www.gyamtsholing-venezia.org\/wordpress\/?page_id=528"},"modified":"2023-05-18T17:32:32","modified_gmt":"2023-05-18T15:32:32","slug":"alcune-immagini-di-chogyal-namkhai-norbu","status":"publish","type":"page","link":"https:\/\/www.gyamtsholing-venezia.org\/wordpress\/index.php\/alcune-immagini-di-chogyal-namkhai-norbu\/","title":{"rendered":"Iscriversi a Gyamtsholing"},"content":{"rendered":"<p style=\"text-align: center;\"><img data-recalc-dims=\"1\" loading=\"lazy\" decoding=\"async\" class=\"alignnone wp-image-160\" src=\"https:\/\/i0.wp.com\/www.gyamtsholing-venezia.org\/wordpress\/wp-content\/uploads\/2016\/07\/gyam2-300x169.jpg?resize=469%2C264\" alt=\"\" width=\"469\" height=\"264\" srcset=\"https:\/\/i0.wp.com\/www.gyamtsholing-venezia.org\/wordpress\/wp-content\/uploads\/2016\/07\/gyam2.jpg?resize=300%2C169&amp;ssl=1 300w, https:\/\/i0.wp.com\/www.gyamtsholing-venezia.org\/wordpress\/wp-content\/uploads\/2016\/07\/gyam2.jpg?resize=768%2C432&amp;ssl=1 768w, https:\/\/i0.wp.com\/www.gyamtsholing-venezia.org\/wordpress\/wp-content\/uploads\/2016\/07\/gyam2.jpg?resize=1024%2C576&amp;ssl=1 1024w, https:\/\/i0.wp.com\/www.gyamtsholing-venezia.org\/wordpress\/wp-content\/uploads\/2016\/07\/gyam2.jpg?resize=1200%2C675&amp;ssl=1 1200w, https:\/\/i0.wp.com\/www.gyamtsholing-venezia.org\/wordpress\/wp-content\/uploads\/2016\/07\/gyam2.jpg?w=1440&amp;ssl=1 1440w, https:\/\/i0.wp.com\/www.gyamtsholing-venezia.org\/wordpress\/wp-content\/uploads\/2016\/07\/gyam2.jpg?w=2160&amp;ssl=1 2160w\" sizes=\"auto, (max-width: 469px) 100vw, 469px\" \/><\/p>\n<p style=\"text-align: center;\">LINEE GUIDA PER IL TESSERAMENTO<\/p>\n<p style=\"text-align: left;\">Ogni praticante pu\u00f2 contribuire al mantenimento e sviluppo della Comunit\u00e0 a seconda delle proprie possibilit\u00e0, come socio ordinario, sostenitore o benemerito effettivo oppure aspirante socio: i neo iscritti e gli iscritti da meno di tre anni sono aspiranti soci ed hanno gli stessi benefit e le stesse tipologie di tesseramento e quote di iscrizione dei soci effettivi (ordinario, sostenitore, benemerito).<\/p>\n<p style=\"text-align: left;\"><strong>Da tenere presente:<\/strong><br \/>\n\u2022\u00a0\u00a0 \u00a0non si potr\u00e0 accedere ai web cast chiusi senza prima aver rinnovato il tesseramento e, per chi non lo avesse gi\u00e0 fatto, essersi registrati nel data base internazionale all\u2019 indirizzo <a href=\"http:\/\/www.dzogchen.net\">www.dzogchen.net<\/a> ed aver attivato una password personale di accesso collegata al proprio username;<br \/>\n\u2022\u00a0\u00a0 \u00a0tutti i soci sono vivamente pregati di versare le quote di\u00a0 tesseramento entro e non oltre il 31 marzo di ogni anno; qualunque richiesta di rateizzazione\u00a0 va attivata entro la stessa data tramite versamento della prima rata; tutto ci\u00f2 risulta necessario per motivi amministrativi legati all\u2019 International Dzogchen Community e a Merigar West, di cui facciamo parte e che sosteniamo con il nostro tesseramento;<br \/>\n\u2022\u00a0\u00a0 \u00a0si richiede ai soci ed aspiranti tali di <strong>privilegiare assolutamente il tesseramento\/rinnovo\u00a0 tramite il Ling di appartenenza<\/strong> per facilitare e velocizzare la gestione della registrazione nel portale Dzogchen.<\/p>\n<p>La scontistica associata ad ogni tipologia di tessera \u00e8 la seguente:<\/p>\n<p style=\"text-align: center;\"><img data-recalc-dims=\"1\" loading=\"lazy\" decoding=\"async\" class=\"alignnone wp-image-529\" src=\"https:\/\/i0.wp.com\/www.gyamtsholing-venezia.org\/wordpress\/wp-content\/uploads\/2017\/03\/tipologia-300x197.jpg?resize=584%2C383\" alt=\"\" width=\"584\" height=\"383\" srcset=\"https:\/\/i0.wp.com\/www.gyamtsholing-venezia.org\/wordpress\/wp-content\/uploads\/2017\/03\/tipologia.jpg?resize=300%2C197&amp;ssl=1 300w, https:\/\/i0.wp.com\/www.gyamtsholing-venezia.org\/wordpress\/wp-content\/uploads\/2017\/03\/tipologia.jpg?resize=137%2C90&amp;ssl=1 137w, https:\/\/i0.wp.com\/www.gyamtsholing-venezia.org\/wordpress\/wp-content\/uploads\/2017\/03\/tipologia.jpg?w=749&amp;ssl=1 749w\" sizes=\"auto, (max-width: 584px) 100vw, 584px\" \/><\/p>\n<p>(*) Il <u>socio sostenitore \u201cglobale<\/u>\u201d, equivalente al nostro socio sostenitore locale, ha diritto al 50% di sconto sui corsi o ritiri all\u2019estero svolti presso altri Gar o Ling. Lo stesso per il Meritorius o benemerito con diritto all\u201980%.<\/p>\n<p>NB: I Ling possono non applicare la scontistica relativa al tipo tessera (20%, 80%, 100%) ai corsi e iniziative diverse dai ritiri con i Maestri, purch\u00e9 lo dichiarino espressamente nella pubblicit\u00e0 dell\u2019 iniziativa.<\/p>\n<p>Come di consueto il Ling ed il Gar sono disponibili ad esaminare con particolare attenzione eventuali\u00a0situazioni di difficolt\u00e0 economica che si dovessero presentare per alcuni soci. Gyamtsholing ha istituito un fondo apposito per far fronte a richieste di aiuto per il pagamento della quota associativa da parte di soci in temporanea difficolt\u00e0 economica.<\/p>\n<p><strong>COME TESSERARSI<\/strong><br \/>\nIl versamento della quota si pu\u00f2 effettuare tramite bonifico:<br \/>\nIBAN IT36F0303202000010000000893<br \/>\nCOMUNITA&#8217; DZOGCHEN VENEZIA<br \/>\nBANCA CREDEM<br \/>\nSAN MARCO 4107<\/p>\n<ul>\n<li>oppure versare in contanti presso la nostra sede dietro rilascio di regolare ricevuta. Pregasi inviare copia del bonifico o prendere accordi per il versamento direttamente con l\u2019attuale Gakyil giallo\u00a0all\u2019 indirizzo mail <a href=\"mailto:yellowgyamtsholing@gmail.com\">yellowgyamtsholing@gmail.com<\/a><\/li>\n<li><strong>Causale in caso di bonifico<\/strong>:<br \/>\n&#8221; <strong>Nome Cognome TESSERAMENTO 20** <\/strong>(anno corrente)<strong>\u00a0 Aspirante Socio &#8211; o Socio ordinario &#8211; o sostenitore &#8211; o meritorio.<\/strong> <strong>&#8221;\u00a0 \u00a0 \u00a0 \u00a0 \u00a0 \u00a0 \u00a0 \u00a0\u00a0<\/strong><\/li>\n<li>Tutti i nuovi iscritti dovranno compilare e firmare il modulo che si trova cliccando questo link (<a href=\"https:\/\/www.gyamtsholing-venezia.org\/wordpress\/wp-content\/uploads\/2021\/09\/Modulo-iscrizione-e-Privacy-Gyamtsholing-1.pdf\">https:\/\/www.gyamtsholing-venezia.org\/wordpress\/wp-content\/uploads\/2021\/09\/Modulo-iscrizione-e-Privacy-Gyamtsholing-1.pdf<\/a>) e inviarlo via mail a <a href=\"mailto:yellowgyamtsholing@gmail.com\">yellowgyamtsholing@gmail.com<\/a>\u00a0 oppure consegnare a mano.<br \/>\nTale modulo va compilato ed inviato via mail anche da chi non lo avesse gi\u00e0 fatto negli anni scorsi.<\/li>\n<\/ul>\n<form action=\"https:\/\/www.paypal.com\/donate\" method=\"post\" target=\"_top\"><input name=\"hosted_button_id\" type=\"hidden\" value=\"VU29P4JJEDGVY\" \/><\/p>\n<\/form>\n<form action=\"https:\/\/www.paypal.com\/donate\" method=\"post\" target=\"_top\">&nbsp;<\/p>\n<\/form>\n","protected":false},"excerpt":{"rendered":"<p>LINEE GUIDA PER IL TESSERAMENTO Ogni praticante pu\u00f2 contribuire al mantenimento e sviluppo della Comunit\u00e0 a seconda delle proprie possibilit\u00e0, come socio ordinario, sostenitore o benemerito effettivo oppure aspirante socio: i neo iscritti e gli iscritti da meno di tre anni sono aspiranti soci ed hanno gli stessi benefit e le stesse tipologie di tesseramento e quote di iscrizione dei soci effettivi (ordinario, sostenitore, benemerito). &hellip; <a href=\"https:\/\/www.gyamtsholing-venezia.org\/wordpress\/index.php\/alcune-immagini-di-chogyal-namkhai-norbu\/\" class=\"more-link\">Continua a leggere <span class=\"screen-reader-text\">Iscriversi a Gyamtsholing<\/span><\/a><\/p>\n","protected":false},"author":1,"featured_media":0,"parent":0,"menu_order":0,"comment_status":"closed","ping_status":"closed","template":"","meta":{"footnotes":""},"tags":[],"class_list":["post-528","page","type-page","status-publish","hentry"],"jetpack_sharing_enabled":true,"jetpack_shortlink":"https:\/\/wp.me\/P7K3bT-8w","_links":{"self":[{"href":"https:\/\/www.gyamtsholing-venezia.org\/wordpress\/index.php\/wp-json\/wp\/v2\/pages\/528","targetHints":{"allow":["GET"]}}],"collection":[{"href":"https:\/\/www.gyamtsholing-venezia.org\/wordpress\/index.php\/wp-json\/wp\/v2\/pages"}],"about":[{"href":"https:\/\/www.gyamtsholing-venezia.org\/wordpress\/index.php\/wp-json\/wp\/v2\/types\/page"}],"author":[{"embeddable":true,"href":"https:\/\/www.gyamtsholing-venezia.org\/wordpress\/index.php\/wp-json\/wp\/v2\/users\/1"}],"replies":[{"embeddable":true,"href":"https:\/\/www.gyamtsholing-venezia.org\/wordpress\/index.php\/wp-json\/wp\/v2\/comments?post=528"}],"version-history":[{"count":44,"href":"https:\/\/www.gyamtsholing-venezia.org\/wordpress\/index.php\/wp-json\/wp\/v2\/pages\/528\/revisions"}],"predecessor-version":[{"id":1731,"href":"https:\/\/www.gyamtsholing-venezia.org\/wordpress\/index.php\/wp-json\/wp\/v2\/pages\/528\/revisions\/1731"}],"wp:attachment":[{"href":"https:\/\/www.gyamtsholing-venezia.org\/wordpress\/index.php\/wp-json\/wp\/v2\/media?parent=528"}],"wp:term":[{"taxonomy":"post_tag","embeddable":true,"href":"https:\/\/www.gyamtsholing-venezia.org\/wordpress\/index.php\/wp-json\/wp\/v2\/tags?post=528"}],"curies":[{"name":"wp","href":"https:\/\/api.w.org\/{rel}","templated":true}]}}